03
Let j(t) = 2*t + 1. Let p be j(6). Suppose 0 = 5*z - 2*q - 39, -q + p = 4*z - 13. List the prime factors of z.
7
Let q = 6 - 4. Let k be 132/(-16) - q/(-8). What are the prime factors of k/(-12)*(-33)/(-2)?
11
Suppose c - 33 = -2*c. Let s(t) = t + 14. What are the prime factors of s(c)?
5
Let d(y) = y**3 - 8*y**2 - 9*y + 6. Let q be d(9). Suppose 5*z = 2*g - 4, 3*z + 0*g = -3*g + q. Suppose z = 5*k - 29 + 9. List the prime factors of k.
2
Let f be (-24)/(-4) + 0 + -1. Suppose 0 = -f*x + 40 + 70. What are the prime factors of x?
2, 11
Let x = 30 + 21. What are the prime factors of x?
3, 17
Let l(m) = -3*m + 18. List the prime factors of l(-4).
2, 3, 5
Suppose 0 = h - 2*o + 3, 4*o = 7 + 9. Let b = -78 + 109. Suppose -4*w - 3*j = -2*j - 26, -3*w + h*j + b = 0. What are the prime factors of w?
7
What are the prime factors of (-6)/(-72)*-4*-771?
257
Suppose -4*m - s = -223, -m + 3*s + 60 = -s. List the prime factors of m.
2, 7
Let m(z) = -z**3 + z**2 + 5*z + 8. List the prime factors of m(-4).
2, 17
Let j(d) = -d. Let t be j(0). Suppose 4*k - k - 106 = -5*m, -5*k - 4*m + 168 = t. Let b = k - 19. What are the prime factors of b?
13
Suppose -2*r = -4*r + 4. Suppose -r*s + 20 = 2. What are the prime factors of s?
3
Let n(m) = m**3 - 7*m**2 - 12*m - 6. List the prime factors of n(9).
2, 3
Let d be (-56)/(-20) + 1/5. Let q be (2 - d)*(2 - 1). List the prime factors of (9 - (q - 1)) + 1.
2, 3
Let o be ((-6)/4)/((-12)/32). Suppose o*d = 5*s - 56, -d = -5*s - 0*d + 44. List the prime factors of s.
2
Let j = -53 + 94. What are the prime factors of j?
41
Suppose 4*s = 2*y + 8, -3 = 3*s - 4*y + 1. Suppose -3*i = 0, 2*m = -0*m + s*i + 54. What are the prime factors of m?
3
Let x(l) = l**3 + 11*l**2 + l + 13. What are the prime factors of x(-11)?
2
Let f = -16 - -20. Suppose -8*c + f*c + 124 = 0. List the prime factors of c.
31
Suppose 3*w - 128 = -35. Suppose -4*j - 30 = 58. Let r = j + w. What are the prime factors of r?
3
Let p = 14 + 5. What are the prime factors of p?
19
Suppose 13*a - 12*a = 144. List the prime factors of a.
2, 3
Let l(c) = -2*c + 3*c - 2*c. Let a be l(6). Let m(z) = -z - 2. What are the prime factors of m(a)?
2
Let s(q) = q**2 + 7*q + 6. What are the prime factors of s(-12)?
2, 3, 11
Suppose 34 = -7*m + 244. What are the prime factors of m?
2, 3, 5
Let n(z) = 0*z - 8*z - 15*z**2 - z**3 - 4*z + 4*z**2 + 7. What are the prime factors of n(-10)?
3
Suppose 0 = -4*r + 5*r - 2*k - 71, 3*r - 3*k = 213. Let n = -50 + r. What are the prime factors of n?
3, 7
Suppose -2*x = x. Suppose 5*s - 5*y = -y + 15, -s + y + 2 = x. What are the prime factors of s?
7
Let t(h) = -35*h - 57. List the prime factors of t(-6).
3, 17
Let u be 5/((-10)/(-3))*2. Suppose -6 = -4*d + 2. What are the prime factors of 1*18*d/u?
2, 3
Suppose 3*q = 3*c - 76 - 17, 0 = 2*c - 4*q - 66. What are the prime factors of c?
29
Let m = 10 + 38. Suppose 2*h - m = -2*h. What are the prime factors of h?
2, 3
Let c(j) be the first derivative of -j**4/4 + 2*j**3/3 + 3*j**2/2 - j + 4. What are the prime factors of c(2)?
5
Suppose -k + 2*k - 30 = -2*l, 5*l = 15. What are the prime factors of k?
2, 3
Let t = -11 - -15. Suppose -t*k + 2*k = -40. What are the prime factors of k?
2, 5
Let q(i) = i**3 - 2*i**2 + i + 29. List the prime factors of q(0).
29
Suppose 4*b + 24 = -2*j, 2*j + b + 5 + 7 = 0. Let k = 7 + j. Suppose -v + k*v = 34. List the prime factors of v.
17
Let a(o) = 16*o**2 - 16*o + 10. Let g(r) = 3*r**2 - 3*r + 2. Let c(w) = -2*a(w) + 11*g(w). What are the prime factors of c(2)?
2
Let r(z) = -z**3 + 10*z**2 + 17*z - 23. List the prime factors of r(10).
3, 7
What are the prime factors of ((-15)/(-30))/((-2)/(-636))?
3, 53
Suppose 3*n - 33 = 408. List the prime factors of n.
3, 7
List the prime factors of ((-23)/4)/(1*4/(-32)).
2, 23
Suppose -16 = -3*c - 4. Let i be c/(-16) - (-17)/4. Suppose -o = -i*o + 12. What are the prime factors of o?
2
Let g(u) = -u - 4 + 2*u + 1. What are the prime factors of g(6)?
3
Let k(n) = -9*n + 2. List the prime factors of k(-3).
29
Let t = 445 + -250. What are the prime factors of t?
3, 5, 13
List the prime factors of -2*2/8*2*-43.
43
Let a(x) be the third derivative of -x**4/24 + 5*x**3 + 3*x**2. Let r be a(0). Suppose 2*o - r = f, -o + 0*f + 9 = f. List the prime factors of o.
13
Let l be (-6)/(-12) + 1/2. Let f = l - -16. List the prime factors of f.
17
Suppose -2*i + 14 = -2*r - 4*i, 0 = i + 5. Let t be 1/(r/44*-1). Let y = t + -10. List the prime factors of y.
2, 3
Suppose p + 3*c - 10 - 64 = 0, -4*p + 5*c + 296 = 0. What are the prime factors of p?
2, 37
Suppose -3*s + 1 = -2*s. Suppose -s = -3*u - 10, 3*g + 3 = -4*u. Suppose g = c + 1. List the prime factors of c.
2
Let s be (-3 - (-3)/(-3))*-1. Let w = s + -2. What are the prime factors of w?
2
Let a = 131 + -90. What are the prime factors of a?
41
List the prime factors of ((-3)/12)/((-7)/2324).
83
Let w be 16/6*3 + -2. Let t(v) = -v**3 + 5. Let m be t(0). Suppose 5*l + w = -2*s, m*s + 7*l - 15 = 2*l. List the prime factors of s.
7
Suppose -5*z + 3 + 2 = 0. Let v = z - -15. List the prime factors of v.
2
Let p(q) = 2*q**2 - 9*q + 6. List the prime factors of p(4).
2
Let f(p) = -p**2 + 12*p - 5. Let x be f(5). Let v = x + -16. List the prime factors of v.
2, 7
Suppose 0*q = 3*q - 18. Let h be 36/(-21) - q/21. Let w(r) = -6*r - 1. List the prime factors of w(h).
11
What are the prime factors of (1 - -5 - -129) + -1*1?
2, 67
Let f(h) = 2*h + 2. List the prime factors of f(0).
2
Suppose 0 = s - d - 46, 2*s - 5*d - 101 = 3. List the prime factors of s.
2, 3, 7
Let i(o) = o**2 - 17*o + 22. Let h be i(18). What are the prime factors of h/1 + -1 - 3?
2, 3
Let w = -248 + 389. What are the prime factors of w/(-2)*(-2)/3?
47
Let q(t) = -t**2 + 5*t + 9. Let p be q(5). Suppose -n + 0 = 4. Let u = n + p. What are the prime factors of u?
5
Suppose 36 = -0*n + n. Suppose z - 4*z = -n. What are the prime factors of z?
2, 3
Let y(w) = 2*w - 4. Suppose -4*s + 19 = -1. Let j be y(s). Suppose -3*z - 2*n = -16, z - j = -n - 0. What are the prime factors of z?
2
Let z = -27 - -38. Let p = -8 + z. Suppose -9 = -4*w + p*w. List the prime factors of w.
3
Let c be -1 + -1 - (2 - 1). What are the prime factors of 5 + -3*c/9?
2, 3
Suppose h - 10*h + 1017 = 0. What are the prime factors of h?
113
What are the prime factors of 2 + (4 - 9) + 82?
79
Let c be (2 + 1)/3 + 1. Suppose -k = c*k. Suppose 3*p + 2*p - 15 = k. What are the prime factors of p?
3
Suppose -4*s + s + 6 = 0. Suppose -i + 3*x + 2 = 0, -i - s*i = 2*x - 61. List the prime factors of i.
17
Let j(t) = -t**3 - 7*t**2 - 7*t - 3. List the prime factors of j(-7).
2, 23
Let o(h) = h**3 - 4*h**2 + h + 6. Let u be o(3). List the prime factors of 0 + -4 - -49 - u.
3, 5
Let v = -4 + 10. List the prime factors of v.
2, 3
Let g = 128 + -86. Suppose 4*r = 2*w - 0*w - 24, -5*r + g = 2*w. Suppose 4*k - 24 = w. What are the prime factors of k?
2, 5
Suppose 108 = -2*m - 4*y + 346, -4*y = -2*m + 278. List the prime factors of m.
3, 43
Let a(p) = 3*p**2 + 16*p - 61. List the prime factors of a(6).
11, 13
Let h(q) be the third derivative of q**4/12 - q**3/3 + q**2. Suppose a - 2*t - 1 = 6, -5*a + 4*t = -29. List the prime factors of h(a).
2
Suppose 2*z - 2*m - 14 = 22, 0 = -z - 3*m + 6. What are the prime factors of z?
3, 5
Let b(m) = -4*m**2 + 3 - 3*m**3 - 4*m**3 + 4*m + 6*m**3. What are the prime factors of b(-5)?
2
Let f(a) = 6*a**2 + 3 - 1 - 3. Let v be f(-1). Suppose -5*j + 18 = -4*d + 65, -j = -v*d + 64. What are the prime factors of d?
13
Let v(d) = -d + 11. Let k = -5 + 8. Suppose -5*b + 7 - 2 = 2*m, -k*m - 5*b + 5 = 0. What are the prime factors of v(m)?
11
Suppose 8*g - 1339 = -139. List the prime factors of g.
2, 3, 5
Suppose k + n = -49, -3*n = -0*k + 2*k + 99. Let r = k + 97. Suppose -6*w = -2*w + 16, -r = -5*x + w. List the prime factors of x.
3
Suppose 0 = 4*w - 3*w + 4. Let m(k) = -8*k**2 + 7*k - 27. Let h(d) = -3*d**2 + 2*d - 9. Let f(i) = w*m(i) + 11*h(i). List the prime factors of f(-7).
2
What are the prime factors of (0 - (3 + -3)) + 39?
3, 13
Let q(k) = k**2 - 3*k + 1. Let n = 9 - 2. Let m be q(n). Suppose 2*i - m = -9. List the prime factors of i.
2, 5
Let q be (-666)/(-27) + 1/3. Suppose -q = -4*m + 23. List the prime factors of m.
2, 3
Let o(x) 